, what is 1322 + 0?
1322
In base 13, what is 2 - 4c9?
-4c7
In base 7, what is -401 + -6?
-410
In base 3, what is 11 - -11012022?
11012110
In base 2, what is 10111 - -11?
11010
In base 6, what is -1132 - -41?
-1051
In base 9, what is 5 - 176?
-171
In base 3, what is -1 - -111110?
111102
In base 12, what is 0 + -2b?
-2b
In base 7, what is -12 - 160?
-202
In base 3, what is 11110 - 0?
11110
In base 4, what is -11 - -130022?
130011
In base 14, what is -137d - 3?
-1382
In base 7, what is -22110 - -4?
-22103
In base 7, what is 1110 - -1?
1111
In base 12, what is -2 - -44?
42
In base 14, what is -221 - 1?
-222
In base 15, what is -5 + 4a3?
49d
In base 13, what is 181a - -5?
1822
In base 11, what is 0 - -277?
277
In base 2, what is -11 - 1101111?
-1110010
In base 2, what is -110010110 - 1010001?
-111100111
In base 8, what is -114 + -1?
-115
In base 4, what is -3 - -123011?
123002
In base 2, what is -100010111110 - 101?
-100011000011
In base 12, what is -2 - -36?
34
In base 11, what is -70a - 9?
-718
In base 15, what is 9a - 1?
99
In base 10, what is 3 - -3?
6
In base 7, what is -102 - -2?
-100
In base 3, what is 1 + -10020?
-10012
In base 6, what is -15 - 120?
-135
In base 7, what is -13223 + -3?
-13226
In base 3, what is 2 - 1200?
-1121
In base 7, what is -102 + 5?
-64
In base 16, what is -f6 - 18?
-10e
In base 8, what is 0 + 4?
4
In base 6, what is -2 - 101?
-103
In base 2, what is -111101101010010 + 11?
-111101101001111
In base 8, what is -32351 + -5?
-32356
In base 8, what is 5 - 6226?
-6221
In base 11, what is -5 - -10a5?
10a0
In base 3, what is 22121 - 0?
22121
In base 11, what is -17 + -384?
-3a0
In base 15, what is -e42 + -1?
-e43
In base 13, what is 554 - 6?
54b
In base 12, what is 2 - 26?
-24
In base 15, what is -2bd1 - -5?
-2bcb
In base 11, what is 2 - -23?
25
In base 16, what is -3 + -64?
-67
In base 13, what is 4 + 116?
11a
In base 10, what is 8 - 4?
4
In base 3, what is 12 - -212121?
212210
In base 14, what is 2 - -95?
97
In base 4, what is 30300231 - -3?
30300300
In base 3, what is -11 - -11102122?
11102111
In base 15, what is -5 - 18a?
-190
In base 10, what is -12364 - -5?
-12359
In base 12, what is 221 + 5?
226
In base 11, what is 1 + -44?
-43
In base 5, what is -43 + 3?
-40
In base 4, what is 0 + -2010311?
-2010311
In base 10, what is -5 - 60?
-65
In base 14, what is 1a39 + 3?
1a3c
In base 9, what is 4 + -16?
-12
In base 13, what is 5 - -b00?
b05
In base 4, what is -10202 - -10?
-10132
In base 4, what is 320 + 2?
322
In base 16, what is a3 + 6?
a9
In base 6, what is -53 + 140?
43
In base 16, what is -100 + 8?
-f8
In base 5, what is 112101 - 0?
112101
In base 16, what is -3 - -1021?
101e
In base 3, what is 2011 + -101?
1210
In base 8, what is 1042 - 5?
1035
In base 5, what is 0 - -221?
221
In base 12, what is -b + 4?
-7
In base 6, what is -2222 - -25?
-2153
In base 10, what is -581 - -7?
-574
In base 7, what is -2 + -2?
-4
In base 6, what is -2 + 15354?
15352
In base 11, what is -a + 2925?
2916
In base 9, what is 3 + -711?
-707
In base 14, what is 623 - -3?
626
In base 3, what is -11 + -1000?
-1011
In base 9, what is 78 - 360?
-271
In base 5, what is 3 - -241?
244
In base 13, what is c + 16?
25
In base 15, what is 4 - 14a?
-146
In base 15, what is 306 + -2?
304
In base 13, what is 4 - 103?
-cc
In base 10, what is -2 - 144?
-146
In base 5, what is 411 - -1?
412
In base 4, what is 2030 + -1?
2023
In base 12, what is 10 + -68?
-58
In base 7, what is 4 - -1443?
1450
In base 14, what is -305a - -5?
-3055
In base 15, what is -4d - 2?
-50
In base 10, what is -242 - 0?
-242
In base 9, what is -584 - 0?
-584
In base 6, what is 3 - 51?
-44
In base 16, what is -1d9 + -4?
-1dd
In base 2, what is 1011001101 + 0?
1011001101
In base 4, what is -3 + -103302?
-103311
In base 4, what is -2113022 + 0?
-2113022
In base 13, what is 52 + 0?
52
In base 2, what is -100000101110 - -10?
-100000101100
In base 10, what is -1 + -35?
-36
In base 10, what is -243 - 1?
-244
In base 14, what is 271a - 0?
271a
In base 4, what is 13222 - 0?
13222
In base 4, what is 20230 + -1?
20223
In base 13, what is 43 + 4?
47
In base 16, what is 5 + 473?
478
In base 9, what is -761 - -7?
-753
In base 15, what is 0 + -25?
-25
In base 9, what is 2 + -114?
-112
In base 13, what is 52 - 5a?
-8
In base 12, what is 124 + 12b?
253
In base 9, what is 4 - -808?
813
In base 13, what is c0 + -40?
80
In base 16, what is -12 + 1?
-11
In base 16, what is 0 + -28f?
-28f
In base 15, what is -388 - -9?
-37e
In base 13, what is 3 - -77?
7a
In base 4, what is -13 - -111?
32
In base 11, what is -3a + 0?
-3a
In base 9, what is 26 + 47?
74
In base 10, what is -869 - 2?
-871
In base 16, what is 2 - -8f?
91
In base 14, what is -6 + 2c?
26
In base 8, what is -5 - 1527?
-1534
In base 3, what is -102 - -10102?
10000
In base 4, what is 2 - 1033?
-1031
In base 14, what is -8c + 2?
-8a
In base 16, what is -7 - -19d?
196
In base 13, what is -48 + 1?
-47
In base 5, what is 11 - 43?
-32
In base 10, what is -64 - -4?
-60
In base 13, what is 2 - -10c8?
10ca
In base 15, what is -1 + -25?
-26
In base 5, what is -14 - 111?
-130
In base 15, what is 2a7 - -4?
2ab
In base 15, what is -1 + 1?
0
In base 2, what is 11100011110 + 0?
11100011110
In base 5, what is 3043 + -4?
3034
In base 10, what is 1180 - -1?
1181
In base 11, what is 2 - a1?
-9a
In base 8, what is 2341 + -4?
2335
In base 12, what is 108 + 0?
108
In base 4, what is 220 - 1?
213
In base 7, what is -1 - -420?
416
In base 3, what is -2 + 222221?
222212
In base 16, what is -73 - b?
-7e
In base 8, what is 5 - -1231?
1236
In base 8, what is -4 - 1254?
-1260
In base 6, what is 142 + 0?
142
In base 16, what is -220 - -1?
-21f
In base 14, what is 2a50 - 0?
2a50
In base 9, what is -10 + -12?
-22
In base 13, what is b5 - -2?
b7
In base 7, what is 11 - -120?
131
In base 7, what is 4 + -1440?
-1433
In base 12, what is -1 - -30b?
30a
In base 2, what is -101101 + -1110011?
-10100000
In base 11, what is 382 - -6?
388
In base 7, what is -5 + 34?
26
In base 6, what is -155 + -1?
-200
In base 11, what is 38a5 - 0?
38a5
In base 11, what is -5 + 1189?
1184
In base 5, what is -133 - 2?
-140
In base 5, what is 14302 - -4?
14311
In base 9, what is -24 - 83?
-117
In base 6, what is 1053 - 11?
1042
In base 9, what is -8 + 3?
-5
In base 3, what is -1 + -1120100?
-1120101
In base 4, what is 1 + 1012100?
1012101
In base 10, what is -4 - -730?
726
In base 7, what is -601 + 0?
-601
In base 11, what is -2 + 6?
4
In base 12, what is 261 + 2?
263
In base 16, what is -7e3 + 2?
-7e1
In base 13, what is 86 - -2?
88
In base 7, what is -216 - -41?
-145
In base 9, what is 30 - 55?
-25
In base 11, what is -2a - 10?
-3a
In base 10, what is 15 - -716?
731
In base 14, what is -4 - 82?
-86
In base 3, what is -10202 - 20122?
-101101
In base 4, what is 2 - 220303?
-220301
In base 4, what is 132 + 32?
230
In base 14, what is 4 - -12a?
130
In base 2, what is 110101010110011 + -11?
110101010110000
In base 5, what is -2 + 1301?
1244
In base 6, what is 44 - 4?
40
In base 10, what is 1 + -1761?
-1760
In base 15, what is 217 - -5?
21c
In base 5, what is 4 + 123?
132
In base 6, what is -40 + -254?
-334
In base 15, what is a + 23c?
247
In base 12, what is a + -16a?
-160
In base 3, what is -11 + -101012?
-101100
In base 12, what is 3 - -1b?
22
In base 3, what is 201112 + 20?
201202
In base 2, what is -11 + -1100?
-1111
In base 16, what is -2 - 2f?
-31
In base 12, what is 4a2 - 10?
492
In base 5, what is -4 - 233?
-242
In base 3, what is 111001201 + -12?
111001112
In base 13, what is -c + 8?
-4
In base 5, what is -3 - -1011?
1003
In base 3, what is -1 + -100010?
-100011
In base 12, what is 4 + 5?
9
In base 10, what is 1 + 153?
154
In base 4, what is 10 + -21?
-11
In base 12, what is 5 + -6?
-1
In base 11, what is -5 + -11a?
-124
In base 9, what is -1 + 75?
74
In base 8, what is -250 + -10?
-260
In base 2, what is 1011000001111 + -1?
1011000001110
In base 16, what is 10 + -aa?
-9a
In base 5, what is 11 - 110233?
-110222
In base 10, what is -1339 - 2?
-1341
In base 12, what is 1589 + -2?
1587
In base 7, what is -3261 - -5?
-3253
In base 15, what is 0 + -5e?
-5e
In base 6, what is 4 - 413?
-405
In base 13, what is -1c7 + -2?
-1c9
In base 9, what is 120 + -3?
116
In base 16, what is 154 + 2?
156
In base 15, what is 